u = 0. Is 38 a factor of z?
False
Let k be 304/22 + 4/22. Let u be k/(-63) - 38/(-9). Suppose -2*n + 8 = u. Does 2 divide n?
True
Let f(m) = -2*m**3 + 3*m**2 + 3*m + 1. Let n be f(-1). Suppose -d = -n*u - 14, 0 = 5*u - 4 - 21. Suppose 3*i - 19 = d. Is 7 a factor of i?
False
Is (-308)/(1/((-6)/(11 + -5))) a multiple of 22?
True
Suppose 0 = -10*l + 20*l - 20190. Is 7 a factor of l?
False
Let a(r) = r**3 + 26*r**2 + 34*r + 22. Is a(-23) a multiple of 12?
False
Let p(l) = l**2 + 5*l + 3. Let g be p(-5). Suppose -5*b = -20, -10 = 6*u - g*u - 4*b. Suppose 4*q - 57 = t, -3 = u*q + 4*t - 45. Does 6 divide q?
False
Let c = -17 - -21. Does 28 divide 2/c*-2*-107?
False
Let g(v) = -4*v**3 - 22*v**2 + 30*v + 24. Is 31 a factor of g(-11)?
True
Let s(b) = 156*b - 2. Is 41 a factor of s(6)?
False
Suppose -6 = -4*u - 0*u - 5*l, 0 = 4*u - 3*l - 22. Let g be (-1 + 4 - -1)*4. Suppose 5*q - 24 = -u*c + q, c - q - g = 0. Is 11 a factor of c?
True
Suppose 2*w - 55 = 387. Let j = w - 77. Does 16 divide j?
True
Suppose -9*h = -1436 + 266. Is 7 a factor of h?
False
Suppose 4*m + 2676 = 4*q, -m = 124*q - 127*q + 1999. Is q a multiple of 7?
True
Let r = 1505 - 1185. Is 80 a factor of r?
True
Let f(h) = h**3 - 2*h + 2. Let d be f(2). Let l be (d - 57) + 0/1. Let m = 71 + l. Is 10 a factor of m?
True
Suppose 16*g = -21*g + 45288. Is 34 a factor of g?
True
Let d(q) = q - 14. Let p be d(16). Suppose -2*m = 4*m - 216. Suppose -v + 21 = -3*r, 2*r = p*v - 10 - m. Does 8 divide v?
True
Suppose s + 2*u - 4 = 0, 3*u = -s - 3 + 9. Let t be (-2 - s)*(-3 + -3). Does 11 divide (99/t)/(1/4)?
True
Is 5 a factor of (-8)/(((-4)/(-2 + -42))/(-1))?
False
Let x be ((-56)/(-6))/(2/15). Let n = x - 32. Is 30 a factor of n?
False
Let s(t) = 2*t**2 + 4*t + 16. Let p(x) = -x + 1. Let g(b) = -6*p(b) + s(b). Is g(-7) a multiple of 6?
False
Suppose -11200 = -8*p + 544. Is 25 a factor of p?
False
Let l be 16/5 + 72/90. Suppose -l*f = -7*f. Is (5 - f)/(10/30) a multiple of 5?
True
Let x(o) = -10*o + 10. Let t be x(2). Is (-2044)/t + 2/(-5) a multiple of 51?
True
Suppose y - r = 8, -2*y - 5*r = -9*r - 24. Let f(u) = 19*u + 4. Let t be f(4). Suppose -n + 20 = -2*q, 5*q + t = y*n + n. Is n a multiple of 4?
True
Suppose -5*j = 5*c - 380, -4*c - 4*j = -3*j - 310. Let q = c - 0. Is q a multiple of 13?
True
Let c(s) = s**3 + 2*s**2 - 2*s + 1. Let t be c(1). Suppose -z - 4*z = -t*b + 25, -4*b + 58 = -2*z. Suppose 27 = 4*g - 3*w - 0*w, 4*w + b = 3*g. Does 3 divide g?
True
Let h = 2 + 2. Suppose -3*n + 371 = x + x, 0 = 5*n + h*x - 619. Let w = n - 88. Is 9 a factor of w?
False
Is 103 a factor of (-721)/((-98)/(-21) - 5)?
True
Let r be 1 - (-1)/(-1) - -16. Suppose 16 = 2*k + 2*k - 2*p, -p + r = 4*k. Suppose 0 = -k*u - 25 + 217. Is 14 a factor of u?
False
Let o(u) = -2*u**2 - 6*u - 48. Let x(i) = i**2 + 2*i + 16. Let c(k) = 2*o(k) + 7*x(k). Is 5 a factor of c(0)?
False
Suppose -17*r + 13*r - 2*a + 1652 = 0, -a + 413 = r. Does 7 divide r?
True
Let i be ((-44)/(-55))/(1/5). Suppose 553 = 3*c + 2*c - i*j, -3*j = 5*c - 539. Does 30 divide c?
False
Suppose 0 = 5*f - 1 - 4, -4*h = 3*f - 255. Suppose 0 = -3*z - 4*n + h, -3*n = -5*z + 45 + 31. Is z even?
False
Let r be (-11 + 1)*(-92)/(-8). Let c = r - -163. Is 16 a factor of c?
True
Let n = 4 - -190. Is n a multiple of 15?
False
Let b = 91 - 51. Suppose -99 = -q - b. Let h = 98 - q. Is 11 a factor of h?
False
Suppose -5*k + 686 = 4*u, 2*k - 4*u = 5*k - 410. Let p = k + -33. Does 29 divide p?
False
Let l(k) = 19*k**2 - 15*k - 27. Is l(10) a multiple of 13?
False
Suppose 4*j - j = 4*z - 2118, -z + 4*j + 536 = 0. Is 22 a factor of z?
True
Let k(t) = 7*t**2 - 27*t + 18. Does 22 divide k(15)?
True
Suppose -640 = -22*u + 680. Does 15 divide u?
True
Let p = -11 - -18. Suppose 0 = 2*o - p*o + 30. Suppose 0 = b - o*b + 130. Is b a multiple of 13?
True
Let d(j) = -24*j - 12. Let c be d(-3). Let l = -34 + c. Does 6 divide l?
False
Suppose -268 = 99*h - 101*h. Is h a multiple of 27?
False
Let c = 2 - -4. Suppose c*x - x + 140 = 0. Let m = x - -56. Is 8 a factor of m?
False
Let w = -55 + 369. Suppose 4*l + l = c + w, 4*l - 2*c = 250. Is 17 a factor of l?
False
Let n = 13 + 183. Is 3 a factor of n/11 - 12/(-66)?
True
Let o(g) = -g**3 - 4*g**2 + 5*g - 1. Let q be o(-5). Let m(t) = -20*t + 1. Let v be m(q). Suppose -2*a + 52 = -3*p - v, 3*a - 108 = 4*p. Does 8 divide a?
True
Let u be -6 + 110 - (1 + -2). Let q = u - 55. Is q a multiple of 10?
True
Let s be -334 + 0 + (-4)/8*-4. Let y = s - -467. Is y a multiple of 9?
True
Let w be ((-9)/15)/((-7)/(70/3)). Suppose 456 = 5*y - 2*t, 0 = -y + w*t - 4*t + 96. Does 43 divide y?
False
Let t(r) = 3*r - 9. Let c = -17 - -31. Let l be (-10)/35 + 116/c. Does 15 divide t(l)?
True
Let i = -7 + -12. Let s be (i + 20)/(2/68). Let t = -6 + s. Is t a multiple of 15?
False
Let w(a) = -19*a - 4. Does 6 divide w(-3)?
False
Let c(b) = -3*b + 40. Let h be c(12). Suppose -4*i + 280 = h. Is 19 a factor of i?
False
Let l = -154 + 245. Let p = l + -57. Does 6 divide p?
False
Let j(s) = 3*s - 15. Let f(h) = -2*h + 16. Let b(y) = -6*f(y) - 5*j(y). Is b(-14) a multiple of 21?
True
Let p(a) be the second derivative of a**3/2 - 3*a**2/2 + 2*a. Let i be p(2). Suppose 0*y - 102 = -i*y. Is 19 a factor of y?
False
Is 16 a factor of (-1 + 2)*-2 + 1218?
True
Suppose 54753 + 103647 = 48*a. Is a a multiple of 10?
True
Let j(i) = 10*i - 2. Let s be j(1). Let v be s/(-12)*(-2 - -5). Does 21 divide 45 + v/(2/3)?
True
Suppose 4*m = l - 1737, 3*l - 5191 = 28*m - 26*m. Is l a multiple of 16?
False
Let s = 1030 + -684. Suppose -8*g + 158 = -s. Is 31 a factor of g?
False
Let k be -3 - 4/(-6)*9. Suppose 2*x - 1184 = 2*c, 2*x - k*c = -0*x + 1185. Is (-2)/8 + x/12 a multiple of 19?
False
Let o = 34 + -19. Let a be o/2*(-10)/(-15). Suppose -2 - 48 = -a*b - 4*w, -4*b = 2*w - 40. Does 2 divide b?
True
Let j(c) = -c - 6. Let g(n) = -n**3 - 5*n**2 + 8*n + 5. Let f be g(-6). Let x be j(f). Is 13 a factor of x + -17*2*-1?
False
Let l(r) = 2*r + 84. Is l(-36) a multiple of 5?
False
Suppose -2*f - 2*g + 2 = 0, -5*g + 12 + 8 = 0. Is 44 a factor of ((-9)/2)/f - (-173)/2?
True
Let f be 12 + -12 - 182/1. Is (1 + f)*-1 - (-22)/(-22) a multiple of 18?
True
Let o(j) = 183*j - 5. Is 17 a factor of o(3)?
True
Let t(c) = 4*c + 14. Let g be ((-180)/25)/((-6)/40). Suppose 4*q - g = -2*q. Is t(q) a multiple of 8?
False
Suppose 4*l + 3 = -4*d - 17, -2*d = -3*l - 30. Suppose 3*k - 5*f = -23 - 5, -4*k + 5*f - 29 = 0. Is 12 a factor of k + l/(-4) - -11?
True
Suppose 17 = o - 2*j, -3*o - 2*j + 13 = -6. Let u = -1 + 2. Is 11 a factor of o*5/u + 1?
False
Suppose 2*u - 3156 = -3*m, 2*u - 3*m = 3*u - 1578. Is 8 a factor of u?
False
Let g(m) = 5*m**2 + 17*m - 30. Is 7 a factor of g(6)?
True
Let c = -14 - -24. Let h(f) = 2*f - 18. Let d be h(c). Let x(i) = i**3 + i**2 - i. Does 5 divide x(d)?
True
Let q(z) be the third derivative of z**6/120 - z**5/60 - z**4/24 + 61*z**3/3 + 7*z**2. Is q(0) a multiple of 27?
False
Let c(x) = 83*x**2 - 24*x - 29. Is 23 a factor of c(4)?
False
Let z be (-2)/4 + 50/20. Does 17 divide 180/3*(2 - (-1)/z)?
False
Suppose -2*w + 89 = 91, 4*i = w + 457. Is i a multiple of 3?
True
Let h(n) = -n**2 - 5*n + 12. Let c be h(-4). Is 2 a factor of 18 + (-6 - 4/(c/(-12)))?
False
Suppose 0 = 4*s - 0*q + 5*q - 315, -2*s + 156 = 2*q. Let m be (-1 + -4)/((-3)/s). Let v = -86 + m. Does 24 divide v?
False
Let c(g) = -g**3 + 21*g**2 - 16*g - 25. Does 43 divide c(19)?
False
Let t(v) be the second derivative of -4*v**3/3 - 8*v**2 - 13*v. Is t(-11) a multiple of 12?
True
Suppose 3*w + 336 = 3*s, 18*s - w - 568 = 13*s. Does 12 divide s?
False
Let d(h) = -15*h - 15. Let v(j) = -19*j - 11. Let r(a) = -9*a - 6. Let b(y) = 5*r(y) - 2*v(y). Let i(l) = -9*b(l) + 4*d(l). Does 11 divide i(10)?
False
Let t = 51 - -145. Is 14 a factor of t?
True
Let z(v) = -3044*v**3 + 2*v**2 - 14*v - 17. Is z(-1) a multiple of 17?
True
Let q be 3/((-63)/(-2787)) + (-16)/(-56). Suppose 0 = -0*y + 7*y - q. Does 5 divide y?
False
Let s(f) be the first derivative of f**4/4 + 11*f**3/3 + 7*f**2/2 - 3*f - 2. Let o be s(-10). Suppose 120 = 5*v + 2*y - o, 4*v - 4*y = 140. Is 16 a factor of v?
False
Suppose 2*v - 18*i = -22*i + 458, 5*v + i = 1127. Does 14 divide v?
False
Let u(k) = -3*k - 6. Suppose 0 = -3*o - 3*i + 12, -i + 4 = -3*o - 0*i